{"id":20,"date":"2018-03-04T08:50:53","date_gmt":"2018-03-04T08:50:53","guid":{"rendered":"http:\/\/elithferramentas.com.br\/site\/?page_id=20"},"modified":"2018-03-06T11:59:07","modified_gmt":"2018-03-06T11:59:07","slug":"quem-somos","status":"publish","type":"page","link":"http:\/\/elithferramentas.com.br\/site\/quem-somos\/","title":{"rendered":"Quem Somos"},"content":{"rendered":"<p style=\"text-align: justify;\">Fundada em Curitiba-PR desde 2007, a <strong>Elith Comercio de Ferramentas<\/strong> nasce do empreendedorismo familiar.<br \/>\nConsolida-se desde ent\u00e3o, no mercado de produ\u00e7\u00e3o e comercializa\u00e7\u00e3o de ferramentas para o setor madeireiro e moveleiro.<br \/>\nEst\u00e1 presente assim em todo o territ\u00f3rio nacional.<br \/>\nPrezamos sempre pela qualidade e bom atendimento para satisfazer as necessidades dos clientes.<\/p>\n","protected":false},"excerpt":{"rendered":"<p>Fundada em Curitiba-PR desde 2007, a Elith Comercio de Ferramentas nasce do empreendedorismo familiar. Consolida-se desde ent\u00e3o, no mercado de produ\u00e7\u00e3o e comercializa\u00e7\u00e3o de ferramentas para o setor madeireiro e moveleiro. Est\u00e1 presente assim em todo o territ\u00f3rio nacional. Prezamos sempre pela qualidade e bom atendimento para satisfazer as necessidades dos clientes.<\/p>\n","protected":false},"author":1,"featured_media":0,"parent":0,"menu_order":0,"comment_status":"closed","ping_status":"closed","template":"","meta":[],"_links":{"self":[{"href":"http:\/\/elithferramentas.com.br\/site\/wp-json\/wp\/v2\/pages\/20"}],"collection":[{"href":"http:\/\/elithferramentas.com.br\/site\/wp-json\/wp\/v2\/pages"}],"about":[{"href":"http:\/\/elithferramentas.com.br\/site\/wp-json\/wp\/v2\/types\/page"}],"author":[{"embeddable":true,"href":"http:\/\/elithferramentas.com.br\/site\/wp-json\/wp\/v2\/users\/1"}],"replies":[{"embeddable":true,"href":"http:\/\/elithferramentas.com.br\/site\/wp-json\/wp\/v2\/comments?post=20"}],"version-history":[{"count":3,"href":"http:\/\/elithferramentas.com.br\/site\/wp-json\/wp\/v2\/pages\/20\/revisions"}],"predecessor-version":[{"id":65,"href":"http:\/\/elithferramentas.com.br\/site\/wp-json\/wp\/v2\/pages\/20\/revisions\/65"}],"wp:attachment":[{"href":"http:\/\/elithferramentas.com.br\/site\/wp-json\/wp\/v2\/media?parent=20"}],"curies":[{"name":"wp","href":"https:\/\/api.w.org\/{rel}","templated":true}]}}